culate the remainder when n is divided by (-2 + 10)/(1 - 0).
7
Let a(p) = 31*p**3 + 2*p**2 - p - 1. Let d be ((-55)/15 - -4)*3. Suppose -4*m = m - 60. What is the remainder when a(d) is divided by m?
7
Let u(k) = -11*k + 109. Let r be u(8). What is the remainder when 224 is divided by 2*r*11/22?
14
Calculate the remainder when ((-135)/20)/(27/(-396)) is divided by 14.
1
Let g = 9898 + -9392. Calculate the remainder when g is divided by 175.
156
Suppose -5*w + 608 = -342. Suppose w*c - 194*c = 488. Let z = -97 - c. What is the remainder when 49 is divided by z?
24
Let a be 6/4*(-8)/(-6). Suppose 0 = 2*n + a*n + 3*t + 119, 0 = n + 2*t + 36. Let z = n - -32. Calculate the remainder when 16 is divided by z.
4
Let t be -23 - 16/12*-3. Let s = t - -22. Suppose -s*d + 0*g + 170 = -g, -5*d - g + 270 = 0. What is the remainder when d is divided by 19?
17
Let g(c) = 427*c**3 - 4*c**2 + 52*c - 157. Calculate the remainder when g(3) is divided by 95.
92
Suppose 314*c - 1210 = 304*c. Calculate the remainder when 631 is divided by c.
26
Let s = 93 + -63. Suppose -s = -3*h + 24. Let y(w) = 2*w**2 + 4*w - 92. Calculate the remainder when y(7) is divided by h.
16
Suppose -z - 3 = -g, 3*z - g + 27 = -2*z. What is the remainder when (z/(-4))/(((-85)/(-70))/17) is divided by 12?
9
Let a = -54 + 94. Let j = a + 4. Suppose 0 = 3*o + u - 47, 2*o + 18 - j = 2*u. Calculate the remainder when o is divided by 4.
3
Suppose -t = 5 - 2, -39 = -3*n - 2*t. Suppose 2683 + 2552 = n*m. Calculate the remainder when m is divided by 10.
9
Calculate the remainder when ((-28)/5)/((-195)/31200) is divided by 29.
26
Suppose 0 = -4*b + 4, 3 = s - 3*b - 4. Let n be (450/125)/((-2)/s). Let a(c) = -2*c - 29. Calculate the remainder when 47 is divided by a(n).
5
Suppose 0 = 4*j, 0*p + 4 = 2*p - 4*j. Suppose -p*n = -n - 6. What is the remainder when 66/4 + 3/6 is divided by n?
5
Let o = 20 - 14. Let b(x) = x**2 + 26*x + 40. Let j be b(-25). Suppose -l - j = -o*l. What is the remainder when 9 is divided by l?
0
Suppose 5*o + 23 - 116 = -4*c, 2*o = 2*c + 30. Let i be 1*((-4)/2 + 141). Suppose -i = h - 4*h - t, -16 = -4*t. Calculate the remainder when h is divided by o.
11
Suppose -l + 65 = 4*l. Let u = -531 + 332. Let o = u + 235. What is the remainder when o is divided by l?
10
Calculate the remainder when 151 is divided by 124*12/(-72)*(-3)/2.
27
Let n = -6327 + 6408. What is the remainder when 964 is divided by n?
73
Suppose i - w - 101 = 0, 5*i + 7*w = 4*w + 481. What is the remainder when 300 is divided by i?
6
Let z = -32 + 74. Let y(o) = -12*o + 22*o + o**2 + 19 - 6*o. Calculate the remainder when y(-10) is divided by z.
37
Let c(z) = z**3 - 3*z**2 + 2*z - 5. Suppose 0 = 22*b - 26*b - 120. Let x = -19 - b. What is the remainder when c(4) is divided by x?
8
Suppose 5*j - 102 + 77 = 0. Suppose 0*z = -j*z + 30. What is the remainder when ((-39)/26)/((-6)/40) is divided by z?
4
Suppose -z = x - 4*x - 62, 4*z - 168 = -4*x. What is the remainder when 89 is divided by z?
42
Suppose 0 = -3*t + 4*t - 3*o - 67, 365 = 5*t - 5*o. Let y = 62870 - 62859. What is the remainder when t is divided by y?
10
Let u be 135/(-18)*((-4)/10 + 0). Suppose 3*i + u = 0, 3*v - 10*i + 15*i - 1186 = 0. Calculate the remainder when v is divided by 8.
5
Suppose -4*b - k + 263 = 0, -14 - 113 = -b - 9*k. What is the remainder when 790 is divided by b?
22
Suppose -3 = -4*t - 3*g - 4, 4*t + 5*g = -7. Suppose -34*d = -38*d + 16, 0 = -t*o - 4*d + 52. Calculate the remainder when 32 is divided by o.
14
Let s(g) be the third derivative of g**5/60 + g**3/6 - 3*g**2. Let l = 3383 - 3334. What is the remainder when l is divided by s(-4)?
15
Let n(h) = -271*h - 1242. Calculate the remainder when n(-5) is divided by 54.
5
Suppose 82*v = 96*v - 28. Suppose -4*r = -0*r - 24. What is the remainder when r is divided by v?
0
Let a(l) = -2*l**2 - 21*l - 4. Let o = -13 + 25. Calculate the remainder when o is divided by a(-10).
0
Suppose -13*x + 378 + 3195 - 791 = 0. What is the remainder when 457 is divided by x?
29
Suppose -3*v - 5*p = -318, -2*p - 134 = -v + p. Calculate the remainder when 1037 is divided by v.
109
Let b = 15702 - 15682. Let q(t) = 11*t. What is the remainder when b is divided by q(1)?
9
Suppose 114*q + 25044 - 197928 = 47136. Calculate the remainder when q is divided by 49.
19
Let u = -130 + 134. Suppose -u*v = -j + 14, 4*v = 4*j + 3*v - 86. Calculate the remainder when 40 is divided by j.
18
Let g be 1/(-3)*(3 - 21). Suppose -2*l = -3*s - 1, 2*l + 3 = 5*s - 6. Calculate the remainder when (g/(-7))/(7/(-294)) is divided by l.
4
Suppose 0 = -17*q + 72*q - 363935. What is the remainder when q is divided by 32?
25
What is the remainder when (-5)/((-72)/(-180) + 31/(-65)) is divided by 49?
16
Suppose 386*y + 20 = 391*y. Calculate the remainder when 18 + (5 - 11) + y is divided by 5.
1
Suppose -1030*s + 1024*s + 1440 = 0. Suppose -s = 2*y - 17*y. What is the remainder when y is divided by 10?
6
Suppose -c + 8520 = 14*c. Suppose c = 39*d + 22. Calculate the remainder when 94 is divided by d.
10
Suppose -3 = -9*l - 21. What is the remainder when -2 + -1 + 13 + 1 is divided by ((-3)/l + 7/(-14))*5?
1
Let k(l) = 2*l + 3. Let n be k(1). Suppose 0 = 2*h + 4*u - 44, -5*u = -n*h - u + 124. Let m = h - -5. Calculate the remainder when m is divided by 5.
4
Let s(x) = 3*x**2 + 18*x + 3. Let t be s(-6). Suppose -2 = v + 2*p - 1, 0 = -t*v - 2*p + 13. What is the remainder when 23 is divided by (3 - 0) + (10 - v)?
5
Let o = -3781 + 3827. What is the remainder when 46 is divided by o?
0
Suppose -9*v + 977 = 3092. Let m = -119 - v. What is the remainder when m is divided by 46?
24
Let m(l) = -l**3 + 7*l**2 + 6*l - 4. Let k be m(10). Let t = k - -353. Calculate the remainder when t is divided by 31 - (3/(-1))/(-1).
25
Let h(n) = 3*n**2 - 4. Let s be 9*(1 + (-2)/(-6)*-1). Suppose -s*d = 4 - 16. What is the remainder when 47 is divided by h(d)?
7
Let y = -1146 - -1193. What is the remainder when 984 is divided by y?
44
Let v = -541 + 636. Calculate the remainder when 108 is divided by v.
13
Let r = 0 + 0. Suppose -2*g = -152 - r. Calculate the remainder when 41 is divided by 4*(-1 + g/16).
11
Let h(l) = 84*l - 5279. What is the remainder when h(64) is divided by 23?
5
Let g(o) = 2*o**2 - 29*o - 9. Let x = 19 + -4. Calculate the remainder when 32 is divided by g(x).
2
Let l(b) = 97*b - 193. Let a be l(5). Let s = -286 + a. What is the remainder when 41 is divided by s?
5
Calculate the remainder when 3308 is divided by ((-7)/(-3) - (-6)/(-2)) + 1254/99.
8
Suppose 1445 = z + 4*z - v, 2*z = -v + 571. Let o = z + -279. Suppose w - 32 - 11 = 0. What is the remainder when w is divided by o?
7
Let j(u) = 64*u - 2392. What is the remainder when 2071 is divided by j(38)?
31
Suppose -345 = -4*b + 14*s - 13*s, 0 = 3*s + 3. What is the remainder when 113 is divided by b?
27
Let c be 6008/40 + 2/(-10). Calculate the remainder when 169 is divided by c/36 + -4 - (-514)/12.
40
Let r(s) = -s**3 - 3*s**2 - 5*s + 44. Let w(i) = i**3 + 5*i**2 + 7*i + 3. Let l be w(-3). What is the remainder when r(l) is divided by 6?
2
What is the remainder when 1319/2 + 86/(-172) is divided by 20?
19
Suppose 2*y + 2 = 0, 16*y - 167 = -v + 21*y. What is the remainder when v is divided by 77?
8
Suppose -81*q + 79*q + 4*l = -422, -1127 = -5*q - 2*l. Calculate the remainder when 443 is divided by q.
220
Suppose -y - 13 = -20. Suppose -2*b - y = -m + 18, 3*m + 2*b = 83. What is the remainder when 125/(-20)*(-7 - 1) is divided by m?
23
Suppose 2*y - 202 = -18. Calculate the remainder when 1653 is divided by y.
89
Let c = 30 - 12. Suppose r - 2*r = -3*u + 321, -5*r - 1592 = -2*u. Calculate the remainder when ((-1)/((-5)/r))/(c/(-45)) is divided by 27.
24
Suppose -x = 69 + 41. Let q = x + 110. Suppose q = -6*f + 8 + 28. What is the remainder when f is divided by 1?
0
Let t(r) = r**3 + 5*r**2 + 6*r + 4. Let q be t(-3). Let u(v) = v**3 + 6*v**2 - 6*v - 9. What is the remainder when u(-6) is divided by 10*((-9)/(-5) - q/5)?
7
Let o(m) = -4*m**2 + 30*m - 12. Let r(v) = 4*v - 33. Let d be r(10). What is the remainder when 7 is divided by o(d)?
1
Suppose -26*f = -25*f - 46. What is the remainder when 239 is divided by f?
9
Suppose -3*d + 21114 = -5*k, -17*k = -3*d - 22*k + 21084. What i